{"id":135,"date":"2024-12-10T04:06:57","date_gmt":"2024-12-10T03:06:57","guid":{"rendered":"https:\/\/eryoncide.com\/eryoncide\/?page_id=135"},"modified":"2025-03-10T23:37:15","modified_gmt":"2025-03-10T22:37:15","slug":"curso-de-pedagogia-en-la-educacion-superior","status":"publish","type":"page","link":"https:\/\/eryoncide.com\/eryoncide\/curso-de-pedagogia-en-la-educacion-superior\/","title":{"rendered":"CURSO DE PEDAGOG\u00cdA EN LA EDUCACI\u00d3N SUPERIOR"},"content":{"rendered":"<p>[et_pb_section fb_built=\u00bb1&#8243; _builder_version=\u00bb4.17.3&#8243; _module_preset=\u00bbdefault\u00bb background_color=\u00bb#000000&#8243; custom_padding=\u00bb0px||0px|||\u00bb global_colors_info=\u00bb{}\u00bb][et_pb_row _builder_version=\u00bb4.17.3&#8243; _module_preset=\u00bbdefault\u00bb width=\u00bb90%\u00bb max_width=\u00bb100%\u00bb custom_padding=\u00bb5px|||||\u00bb global_colors_info=\u00bb{}\u00bb][et_pb_column type=\u00bb4_4&#8243; _builder_version=\u00bb4.17.3&#8243; _module_preset=\u00bbdefault\u00bb global_colors_info=\u00bb{}\u00bb][lwp_divi_breadcrumbs link_color=\u00bb#E09900&#8243; separator_color=\u00bb#E09900&#8243; current_text_color=\u00bb#E09900&#8243; _builder_version=\u00bb4.17.3&#8243; _module_preset=\u00bbdefault\u00bb custom_padding=\u00bb18px|||||\u00bb global_colors_info=\u00bb{}\u00bb][\/lwp_divi_breadcrumbs][\/et_pb_column][\/et_pb_row][et_pb_row column_structure=\u00bb1_2,1_2&#8243; _builder_version=\u00bb4.17.3&#8243; _module_preset=\u00bbdefault\u00bb max_width=\u00bb100%\u00bb custom_margin=\u00bb24px|auto||auto||\u00bb custom_padding=\u00bb11px|||||\u00bb global_colors_info=\u00bb{}\u00bb][et_pb_column type=\u00bb1_2&#8243; _builder_version=\u00bb4.17.3&#8243; _module_preset=\u00bbdefault\u00bb global_colors_info=\u00bb{}\u00bb][et_pb_text _builder_version=\u00bb4.17.3&#8243; _module_preset=\u00bbdefault\u00bb header_font=\u00bbLato|700|||||||\u00bb header_text_align=\u00bbleft\u00bb header_text_color=\u00bb#ffffff\u00bb custom_margin=\u00bb||18px|||\u00bb global_colors_info=\u00bb{}\u00bb]<\/p>\n<h1><b>Programa: Pedagog\u00eda en la Educaci\u00f3n Superior<\/b><\/h1>\n<p>[\/et_pb_text][et_pb_text _builder_version=\u00bb4.17.3&#8243; _module_preset=\u00bbdefault\u00bb text_text_color=\u00bb#ffffff\u00bb header_2_font=\u00bbLato||||||||\u00bb header_2_text_color=\u00bb#ffffff\u00bb header_3_font=\u00bbLato||||||||\u00bb header_3_text_color=\u00bb#ffffff\u00bb header_4_font=\u00bbLato||||||||\u00bb header_4_text_color=\u00bb#ffffff\u00bb custom_margin=\u00bb||28px|||\u00bb global_colors_info=\u00bb{}\u00bb]<\/p>\n<h4 style=\"text-align: justify;\">Este programa capacita a docentes en estrategias innovadoras para dise\u00f1ar curr\u00edculos, implementar metodolog\u00edas activas y evaluar aprendizajes en entornos universitarios. Adem\u00e1s, integra herramientas tecnol\u00f3gicas y tendencias pedag\u00f3gicas para optimizar la ense\u00f1anza, mejorando la calidad educativa en la educaci\u00f3n superior.<\/h4>\n<p>[\/et_pb_text][et_pb_text _builder_version=\u00bb4.17.3&#8243; _module_preset=\u00bbdefault\u00bb text_text_color=\u00bb#ffffff\u00bb header_2_text_color=\u00bb#ffffff\u00bb custom_margin=\u00bb||21px|||\u00bb global_colors_info=\u00bb{}\u00bb]<\/p>\n<h2 style=\"text-align: justify;\">Este programa incluye:<\/h2>\n<ul>\n<li style=\"text-align: justify;\"><i class=\"fas fa-circle-play\"><\/i>\u00a0 Curso 1: <span><b>Docencia Virtual<\/b>: 40 horas acad\u00e9micas.<\/span><\/li>\n<li><i class=\"fas fa-circle-play\"><\/i>\u00a0 Curso 2:\u00a0<span><b> Investigaci\u00f3n y Pedagog\u00eda Educativa en la Educaci\u00f3n Superior<\/b>: 40 horas acad\u00e9micas.<\/span><span><\/span><\/li>\n<li><i class=\"fas fa-mobile\"><\/i>\u00a0 100% Virtual (Zoom y Google Classroom)<\/li>\n<li style=\"text-align: justify;\"><i class=\"fas fa-mobile\"><\/i>\u00a0\u00a0 Acceso en dispositivos m\u00f3viles<\/li>\n<li style=\"text-align: justify;\">\n<div><span>\ud83d\udcc5 Fechas:<br \/>\u2022<\/span><b>\u00a0 Inicio<\/b>: 13 de enero<br \/><span>\u00a0\u00a0\u00a0 \u2022<\/span><b>\u00a0 Finalizaci\u00f3n<\/b>: 24 de enero<\/div>\n<div><span><\/span><\/div>\n<div><span>\ud83d\udd52 Horario:<br \/><\/span><b>\u00a0\u00a0\u00a0 \u2022\u00a0 De 18:00 a 20:00<\/b><\/div>\n<\/li>\n<li style=\"text-align: justify;\"><i class=\"fas fa-cloud-arrow-down\"><\/i>\u00a0 Recursos descargables<\/li>\n<li style=\"text-align: justify;\"><i class=\"fas fa-trophy\"><\/i>\u00a0 Certificado de aprobaci\u00f3n<\/li>\n<\/ul>\n<p>[\/et_pb_text][et_pb_text _builder_version=\u00bb4.17.3&#8243; _module_preset=\u00bbdefault\u00bb text_text_color=\u00bb#ffffff\u00bb custom_margin=\u00bb||27px|||\u00bb global_colors_info=\u00bb{}\u00bb]<\/p>\n<p style=\"text-align: justify;\"><i class=\"fas fa-star-of-life\"><\/i> <strong>\u00daltima Actualizaci\u00f3n<\/strong>: 09\/12\/2024 <i class=\"fas fa-globe\"><\/i> Espa\u00f1ol <i class=\"fas fa-file-lines\"><\/i> Espa\u00f1ol [autom\u00e1tico]<\/p>\n<p>[\/et_pb_text][et_pb_text _builder_version=\u00bb4.17.3&#8243; _module_preset=\u00bbdefault\u00bb text_text_color=\u00bb#ffffff\u00bb global_colors_info=\u00bb{}\u00bb]<\/p>\n<p style=\"text-align: justify;\">Creado por EryonCide <\/p>\n<p>[\/et_pb_text][\/et_pb_column][et_pb_column type=\u00bb1_2&#8243; _builder_version=\u00bb4.17.3&#8243; _module_preset=\u00bbdefault\u00bb global_colors_info=\u00bb{}\u00bb][et_pb_image src=\u00bbhttps:\/\/eryoncide.com\/eryoncide\/wp-content\/uploads\/2024\/12\/img-2.jpg\u00bb title_text=\u00bbimg-2&#8243; _builder_version=\u00bb4.17.3&#8243; _module_preset=\u00bbdefault\u00bb width=\u00bb80%\u00bb custom_padding=\u00bb|||1px||\u00bb border_radii=\u00bbon|20px|20px|20px|20px\u00bb global_colors_info=\u00bb{}\u00bb][\/et_pb_image][\/et_pb_column][\/et_pb_row][\/et_pb_section][et_pb_section fb_built=\u00bb1&#8243; _builder_version=\u00bb4.17.3&#8243; _module_preset=\u00bbdefault\u00bb custom_padding=\u00bb12px|||||\u00bb global_colors_info=\u00bb{}\u00bb][et_pb_row _builder_version=\u00bb4.17.3&#8243; _module_preset=\u00bbdefault\u00bb max_width=\u00bb100%\u00bb global_colors_info=\u00bb{}\u00bb][et_pb_column type=\u00bb4_4&#8243; _builder_version=\u00bb4.17.3&#8243; _module_preset=\u00bbdefault\u00bb global_colors_info=\u00bb{}\u00bb][et_pb_text _builder_version=\u00bb4.17.3&#8243; _module_preset=\u00bbdefault\u00bb global_colors_info=\u00bb{}\u00bb]<\/p>\n<h2 style=\"text-align: center;\"><strong>Lo que aprender\u00e1s<\/strong><\/h2>\n<p>[\/et_pb_text][et_pb_text _builder_version=\u00bb4.17.3&#8243; _module_preset=\u00bbdefault\u00bb global_colors_info=\u00bb{}\u00bb]<\/p>\n<h2><strong>Curso: <span><b>Docencia Virtual<\/b><\/span><\/strong><\/h2>\n<div class=\"spb5Rd OIC90c\">\n<div>\n<!--ul>\n\t\n\n<li>\ud83e\uddf1 <strong>M\u00d3DULO 1: <\/strong><strong>Pilares de la docencia virtual<\/strong><\/li>\n\n\n\t\n\n<li>\ud83d\udc69\u200d\ud83c\udfeb <strong>M\u00d3DULO 2:<\/strong><strong> Caracter\u00edsticas de un docente virtual<\/strong><\/li>\n\n\n\t\n\n<li>\ud83c\udf93 <strong>M\u00d3DULO 3: <\/strong><strong>Rol del tutor en la docencia virtual<\/strong><\/li>\n\n\n\t\n\n<li>\ud83d\udee0\ufe0f <strong>M\u00d3DULO 4: <\/strong><strong>Metodolog\u00edas activas para la docencia virtual<\/strong><\/li>\n\n\n\t\n\n<li>\ud83d\udcbb <strong>M\u00d3DULO 5: <\/strong><strong>Herramientas digitales para la docencia virtual<\/strong><\/li>\n\n\n\t\n\n<li>\ud83e\udd16 <strong>M\u00d3DULO 6: <\/strong><strong>Inteligencia artificial como apoyo al docente virtual<\/strong><\/li>\n\n\n\t\n\n<li>\ud83c\udf10 <strong>M\u00d3DULO 7: <\/strong><strong>Personalizaci\u00f3n del aprendizaje con IA generativa<\/strong><\/li>\n\n\n<\/ul-->\n<\/div>\n<\/div>\n<p>[\/et_pb_text][\/et_pb_column][\/et_pb_row][et_pb_row _builder_version=\u00bb4.17.3&#8243; _module_preset=\u00bbdefault\u00bb max_width=\u00bb100%\u00bb global_colors_info=\u00bb{}\u00bb][et_pb_column type=\u00bb4_4&#8243; _builder_version=\u00bb4.17.3&#8243; _module_preset=\u00bbdefault\u00bb global_colors_info=\u00bb{}\u00bb][et_pb_tabs active_tab_background_color=\u00bb#0C71C3&#8243; inactive_tab_background_color=\u00bb#f5f5f5&#8243; active_tab_text_color=\u00bb#ffffff\u00bb module_class=\u00bbov-tab-arrow ov-tab-icon\u00bb _builder_version=\u00bb4.17.3&#8243; _module_preset=\u00bbdefault\u00bb tab_text_color=\u00bb#000000&#8243; body_text_color=\u00bb#000000&#8243; tab_font_size=\u00bb16px\u00bb tab_font_size_tablet=\u00bb12px\u00bb tab_font_size_phone=\u00bb12px\u00bb tab_font_size_last_edited=\u00bbon|desktop\u00bb custom_css_main_element=\u00bbdisplay: flex;||flex-direction: row;||\/*flex-direction: row-reverse;*\/\u00bb custom_css_tabs_controls=\u00bbwidth: 50%;||background-color: #fff;\u00bb custom_css_tab=\u00bbwidth: 100%;||height: 80px;||border: none;||border-bottom: 3px solid #fff;\u00bb border_radii=\u00bbon|5px|5px|5px|5px\u00bb border_color_all=\u00bb#ffffff\u00bb box_shadow_style=\u00bbpreset1&#8243; global_colors_info=\u00bb{}\u00bb active_tab_background_color__hover_enabled=\u00bbon|desktop\u00bb active_tab_background_color__hover=\u00bb#88C4DD\u00bb custom_css_main_element_last_edited=\u00bbon|phone\u00bb custom_css_main_element_phone=\u00bbdisplay: flex;||flex-direction: column;||\/*flex-direction: row-reverse;*\/||\u00bb custom_css_tabs_controls_last_edited=\u00bbon|desktop\u00bb custom_css_tabs_controls_phone=\u00bbwidth: 100%;||background-color: #fff;\u00bb custom_css_tabs_controls_tablet=\u00bbwidth: 100%;||background-color: #fff;\u00bb custom_css_tab_last_edited=\u00bbon|desktop\u00bb custom_css_tab_phone=\u00bbwidth: 100%;||height:50px;||border: none;||border-bottom: 3px solid #fff;||padding-top:8px;\u00bb custom_css_main_element_tablet=\u00bbdisplay: flex;||flex-direction: row;||\/*flex-direction: row-reverse;*\/\u00bb custom_css_tab_tablet=\u00bbwidth: 100%;||height: 80px;||border: none;||border-bottom: 3px solid #fff;\u00bb][et_pb_tab title=\u00bb\ud83e\uddf1 M\u00d3DULO 1&#8243; _builder_version=\u00bb4.17.3&#8243; _module_preset=\u00bbdefault\u00bb body_font=\u00bb|700||on|||||\u00bb body_text_align=\u00bbcenter\u00bb global_colors_info=\u00bb{}\u00bb]<\/p>\n<h3 style=\"text-align: center;\"><strong>Pilares de la docencia virtual<\/strong><\/h3>\n<p>[\/et_pb_tab][et_pb_tab title=\u00bb\ud83d\udc69\u200d\ud83c\udfeb M\u00d3DULO 2&#8243; _builder_version=\u00bb4.17.3&#8243; _module_preset=\u00bbdefault\u00bb body_font=\u00bb|700||on|||||\u00bb body_text_align=\u00bbcenter\u00bb global_colors_info=\u00bb{}\u00bb]<\/p>\n<h3 style=\"text-align: center;\"><strong>Caracter\u00edsticas de un docente virtual<\/strong><\/h3>\n<p>[\/et_pb_tab][et_pb_tab title=\u00bb\ud83c\udf93 M\u00d3DULO 3&#8243; _builder_version=\u00bb4.17.3&#8243; _module_preset=\u00bbdefault\u00bb body_font=\u00bb|700||on|||||\u00bb body_text_align=\u00bbcenter\u00bb global_colors_info=\u00bb{}\u00bb]<\/p>\n<h3 style=\"text-align: center;\"><strong>Rol del tutor en la docencia virtual<\/strong><\/h3>\n<p>[\/et_pb_tab][et_pb_tab title=\u00bb\ud83d\udee0\ufe0f M\u00d3DULO 4&#8243; _builder_version=\u00bb4.17.3&#8243; _module_preset=\u00bbdefault\u00bb body_font=\u00bb|700||on|||||\u00bb body_text_align=\u00bbcenter\u00bb global_colors_info=\u00bb{}\u00bb]<\/p>\n<h3 style=\"text-align: center;\"><strong>Metodolog\u00edas activas para la docencia virtual<\/strong><\/h3>\n<p>[\/et_pb_tab][et_pb_tab title=\u00bb\ud83d\udcbb M\u00d3DULO 5&#8243; _builder_version=\u00bb4.17.3&#8243; _module_preset=\u00bbdefault\u00bb body_font=\u00bb|700||on|||||\u00bb body_text_align=\u00bbcenter\u00bb global_colors_info=\u00bb{}\u00bb]<\/p>\n<h3 style=\"text-align: center;\"><strong>Herramientas digitales para la docencia virtual<\/strong><\/h3>\n<p>[\/et_pb_tab][et_pb_tab title=\u00bb\ud83e\udd16 M\u00d3DULO 6&#8243; _builder_version=\u00bb4.17.3&#8243; _module_preset=\u00bbdefault\u00bb body_font=\u00bb|700||on|||||\u00bb body_text_align=\u00bbcenter\u00bb global_colors_info=\u00bb{}\u00bb]<\/p>\n<h3 style=\"text-align: center;\"><strong>Inteligencia artificial como apoyo al docente virtual<\/strong><\/h3>\n<p>[\/et_pb_tab][et_pb_tab title=\u00bb\ud83c\udf10 M\u00d3DULO 7&#8243; _builder_version=\u00bb4.17.3&#8243; _module_preset=\u00bbdefault\u00bb body_font=\u00bb|700||on|||||\u00bb body_text_align=\u00bbcenter\u00bb global_colors_info=\u00bb{}\u00bb]<\/p>\n<h3 style=\"text-align: center;\"><strong>Personalizaci\u00f3n del aprendizaje con IA generativa<\/strong><\/h3>\n<p>[\/et_pb_tab][\/et_pb_tabs][\/et_pb_column][\/et_pb_row][\/et_pb_section][et_pb_section fb_built=\u00bb1&#8243; _builder_version=\u00bb4.17.3&#8243; _module_preset=\u00bbdefault\u00bb custom_padding=\u00bb12px|||||\u00bb global_colors_info=\u00bb{}\u00bb][et_pb_row _builder_version=\u00bb4.17.3&#8243; _module_preset=\u00bbdefault\u00bb max_width=\u00bb100%\u00bb global_colors_info=\u00bb{}\u00bb][et_pb_column type=\u00bb4_4&#8243; _builder_version=\u00bb4.17.3&#8243; _module_preset=\u00bbdefault\u00bb global_colors_info=\u00bb{}\u00bb][et_pb_text _builder_version=\u00bb4.17.3&#8243; _module_preset=\u00bbdefault\u00bb global_colors_info=\u00bb{}\u00bb]<\/p>\n<h2><strong>Curso: <span><\/span> <span>Innovaci\u00f3n y Pedagog\u00eda Educativa en la Educaci\u00f3n Superior<\/span><\/strong><\/h2>\n<div class=\"spb5Rd OIC90c\">\n<div>\n<ul>\n<li>\ud83e\udde9 <strong>M\u00d3DULO 1: <\/strong><b>Pasos para una investigaci\u00f3n exitosa<\/b><\/li>\n<li>\ud83c\udfaf <strong>M\u00d3DULO 2: <\/strong><b>Redacci\u00f3n de objetivos y preguntas de investigaci\u00f3n<\/b><\/li>\n<li>\ud83d\udd0d <strong>M\u00d3DULO 3: <\/strong><b>Formulaci\u00f3n de hip\u00f3tesis<\/b><\/li>\n<li>\u270f\ufe0f <strong>M\u00d3DULO 4: <\/strong><b>Redacci\u00f3n de la introducci\u00f3n con IA<\/b><\/li>\n<li>\ud83d\udd2c <strong>M\u00d3DULO 5: <\/strong><b>Desarrollo de investigaci\u00f3n educativa cuasiexperimental<\/b><\/li>\n<li>\ud83d\udcca <strong>M\u00d3DULO 6: <\/strong><b>An\u00e1lisis y redacci\u00f3n de resultados con SPSS y chatbots especializados<\/b><\/li>\n<li>\ud83d\udcac <strong>M\u00d3DULO 7: <\/strong><b>Formulaci\u00f3n de la discusi\u00f3n en investigaci\u00f3n educativa<\/b><\/li>\n<li>\ud83d\udcdc <strong>M\u00d3DULO 8: <\/strong><b>Generaci\u00f3n de conclusiones con IA<\/b><\/li>\n<li>\ud83c\udf1f <strong>M\u00d3DULO 9: <\/strong><b>B\u00fasqueda de revistas indexadas para publicaciones<\/b><\/li>\n<li>\u26a0\ufe0f <strong>M\u00d3DULO 10: <\/strong><b>Identificaci\u00f3n de revistas depredadoras y c\u00f3mo evitar fraudes<\/b><\/li>\n<\/ul>\n<p>&nbsp;<\/p>\n<\/div>\n<\/div>\n<p>[\/et_pb_text][\/et_pb_column][\/et_pb_row][et_pb_row _builder_version=\u00bb4.17.3&#8243; _module_preset=\u00bbdefault\u00bb max_width=\u00bb100%\u00bb global_colors_info=\u00bb{}\u00bb][et_pb_column type=\u00bb4_4&#8243; _builder_version=\u00bb4.17.3&#8243; _module_preset=\u00bbdefault\u00bb global_colors_info=\u00bb{}\u00bb][et_pb_tabs active_tab_background_color=\u00bb#0C71C3&#8243; inactive_tab_background_color=\u00bb#f5f5f5&#8243; active_tab_text_color=\u00bb#ffffff\u00bb module_class=\u00bbov-tab-arrow ov-tab-icon\u00bb _builder_version=\u00bb4.17.3&#8243; _module_preset=\u00bbdefault\u00bb tab_text_color=\u00bb#000000&#8243; body_text_color=\u00bb#000000&#8243; tab_font_size=\u00bb16px\u00bb tab_font_size_tablet=\u00bb12px\u00bb tab_font_size_phone=\u00bb12px\u00bb tab_font_size_last_edited=\u00bbon|desktop\u00bb custom_css_main_element=\u00bbdisplay: flex;||flex-direction: row;||\/*flex-direction: row-reverse;*\/\u00bb custom_css_tabs_controls=\u00bbwidth: 50%;||background-color: #fff;\u00bb custom_css_tab=\u00bbwidth: 100%;||height: 80px;||border: none;||border-bottom: 3px solid #fff;\u00bb border_radii=\u00bbon|5px|5px|5px|5px\u00bb border_color_all=\u00bb#ffffff\u00bb box_shadow_style=\u00bbpreset1&#8243; global_colors_info=\u00bb{}\u00bb active_tab_background_color__hover_enabled=\u00bbon|desktop\u00bb active_tab_background_color__hover=\u00bb#88C4DD\u00bb custom_css_main_element_last_edited=\u00bbon|phone\u00bb custom_css_main_element_phone=\u00bbdisplay: flex;||flex-direction: column;||\/*flex-direction: row-reverse;*\/||\u00bb custom_css_tabs_controls_last_edited=\u00bbon|desktop\u00bb custom_css_tabs_controls_phone=\u00bbwidth: 100%;||background-color: #fff;\u00bb custom_css_tabs_controls_tablet=\u00bbwidth: 100%;||background-color: #fff;\u00bb custom_css_tab_last_edited=\u00bbon|desktop\u00bb custom_css_tab_phone=\u00bbwidth: 100%;||height:50px;||border: none;||border-bottom: 3px solid #fff;||padding-top:8px;\u00bb custom_css_main_element_tablet=\u00bbdisplay: flex;||flex-direction: row;||\/*flex-direction: row-reverse;*\/\u00bb custom_css_tab_tablet=\u00bbwidth: 100%;||height: 80px;||border: none;||border-bottom: 3px solid #fff;\u00bb][et_pb_tab title=\u00bb\ud83e\udde9 M\u00d3DULO 1&#8243; _builder_version=\u00bb4.17.3&#8243; _module_preset=\u00bbdefault\u00bb global_colors_info=\u00bb{}\u00bb]<\/p>\n<p>Your content goes here. Edit or remove this text inline or in the module Content settings. You can also style every aspect of this content in the module Design settings and even apply custom CSS to this text in the module Advanced settings.<\/p>\n<p>[\/et_pb_tab][et_pb_tab title=\u00bb\ud83c\udfaf M\u00d3DULO 2&#8243; _builder_version=\u00bb4.17.3&#8243; _module_preset=\u00bbdefault\u00bb global_colors_info=\u00bb{}\u00bb]<\/p>\n<p>Your content goes here. Edit or remove this text inline or in the module Content settings. You can also style every aspect of this content in the module Design settings and even apply custom CSS to this text in the module Advanced settings.<\/p>\n<p>[\/et_pb_tab][et_pb_tab title=\u00bb\ud83d\udd0d M\u00d3DULO 3&#8243; _builder_version=\u00bb4.17.3&#8243; _module_preset=\u00bbdefault\u00bb global_colors_info=\u00bb{}\u00bb]<\/p>\n<p>Your content goes here. Edit or remove this text inline or in the module Content settings. You can also style every aspect of this content in the module Design settings and even apply custom CSS to this text in the module Advanced settings.<\/p>\n<p>[\/et_pb_tab][et_pb_tab title=\u00bb\u270f\ufe0f M\u00d3DULO 4&#8243; _builder_version=\u00bb4.17.3&#8243; _module_preset=\u00bbdefault\u00bb global_colors_info=\u00bb{}\u00bb]<\/p>\n<p>Your content goes here. Edit or remove this text inline or in the module Content settings. You can also style every aspect of this content in the module Design settings and even apply custom CSS to this text in the module Advanced settings.<\/p>\n<p>[\/et_pb_tab][et_pb_tab title=\u00bb\ud83d\udd2c M\u00d3DULO 5&#8243; _builder_version=\u00bb4.17.3&#8243; _module_preset=\u00bbdefault\u00bb global_colors_info=\u00bb{}\u00bb]<\/p>\n<p>Your content goes here. Edit or remove this text inline or in the module Content settings. You can also style every aspect of this content in the module Design settings and even apply custom CSS to this text in the module Advanced settings.<\/p>\n<p>[\/et_pb_tab][et_pb_tab title=\u00bb\ud83d\udcca M\u00d3DULO 6&#8243; _builder_version=\u00bb4.17.3&#8243; _module_preset=\u00bbdefault\u00bb global_colors_info=\u00bb{}\u00bb]<\/p>\n<p>Your content goes here. Edit or remove this text inline or in the module Content settings. You can also style every aspect of this content in the module Design settings and even apply custom CSS to this text in the module Advanced settings.<\/p>\n<p>[\/et_pb_tab][et_pb_tab title=\u00bb\ud83d\udcac M\u00d3DULO 7&#8243; _builder_version=\u00bb4.17.3&#8243; _module_preset=\u00bbdefault\u00bb global_colors_info=\u00bb{}\u00bb]<\/p>\n<p>Your content goes here. Edit or remove this text inline or in the module Content settings. You can also style every aspect of this content in the module Design settings and even apply custom CSS to this text in the module Advanced settings.<\/p>\n<p>[\/et_pb_tab][et_pb_tab title=\u00bb\ud83d\udcdc M\u00d3DULO 8&#8243; _builder_version=\u00bb4.17.3&#8243; _module_preset=\u00bbdefault\u00bb global_colors_info=\u00bb{}\u00bb]<\/p>\n<p>Your content goes here. Edit or remove this text inline or in the module Content settings. You can also style every aspect of this content in the module Design settings and even apply custom CSS to this text in the module Advanced settings.<\/p>\n<p>[\/et_pb_tab][et_pb_tab title=\u00bb\ud83c\udf1f M\u00d3DULO 9&#8243; _builder_version=\u00bb4.17.3&#8243; _module_preset=\u00bbdefault\u00bb global_colors_info=\u00bb{}\u00bb]<\/p>\n<p>Your content goes here. Edit or remove this text inline or in the module Content settings. You can also style every aspect of this content in the module Design settings and even apply custom CSS to this text in the module Advanced settings.<\/p>\n<p>[\/et_pb_tab][et_pb_tab title=\u00bb\u26a0\ufe0f M\u00d3DULO 10&#8243; _builder_version=\u00bb4.17.3&#8243; _module_preset=\u00bbdefault\u00bb global_colors_info=\u00bb{}\u00bb]<\/p>\n<p>Your content goes here. Edit or remove this text inline or in the module Content settings. You can also style every aspect of this content in the module Design settings and even apply custom CSS to this text in the module Advanced settings.<\/p>\n<p>[\/et_pb_tab][\/et_pb_tabs][\/et_pb_column][\/et_pb_row][\/et_pb_section]<\/p>\n","protected":false},"excerpt":{"rendered":"<p><div class=\"et_pb_module lwp_divi_breadcrumbs lwp_divi_breadcrumbs_0\">\n\t\t\t\t\n\t\t\t\t\n\t\t\t\t\n\t\t\t\t\n\t\t\t\t\n\t\t\t\t\n\t\t\t\t<div class=\"et_pb_module_inner\">\n\t\t\t\t\t<div class=\"lwp-breadcrumbs\"> <span class=\"before\"><\/span> <span vocab=\"https:\/\/schema.org\/\" typeof=\"BreadcrumbList\"><span property=\"itemListElement\" typeof=\"ListItem\"><a property=\"item\" typeof=\"WebPage\" href=\"https:\/\/eryoncide.com\/eryoncide\/\" class=\"home\"><span property=\"name\">Home<\/span><\/a><meta property=\"position\" content=\"1\"><\/span> <span class=\"separator et-pb-icon\">&amp;#x39;<\/span> <\/span><\/div>\n\t\t\t\t<\/div>\n\t\t\t<\/div>Programa: Pedagog\u00eda en la Educaci\u00f3n SuperiorEste programa capacita a docentes en estrategias innovadoras para dise\u00f1ar curr\u00edculos, implementar metodolog\u00edas activas y evaluar aprendizajes en entornos universitarios. Adem\u00e1s, integra herramientas tecnol\u00f3gicas y tendencias pedag\u00f3gicas para optimizar la ense\u00f1anza, mejorando la calidad educativa en la educaci\u00f3n superior.Este programa incluye: <i class=\"fas fa-circle-play\"><\/i>\u00a0 [&hellip;]<\/p>\n","protected":false},"author":1,"featured_media":0,"parent":0,"menu_order":0,"comment_status":"closed","ping_status":"closed","template":"","meta":{"_et_pb_use_builder":"on","_et_pb_old_content":"","_et_gb_content_width":"","inline_featured_image":false,"footnotes":""},"class_list":["post-135","page","type-page","status-publish","hentry"],"_links":{"self":[{"href":"https:\/\/eryoncide.com\/eryoncide\/wp-json\/wp\/v2\/pages\/135","targetHints":{"allow":["GET"]}}],"collection":[{"href":"https:\/\/eryoncide.com\/eryoncide\/wp-json\/wp\/v2\/pages"}],"about":[{"href":"https:\/\/eryoncide.com\/eryoncide\/wp-json\/wp\/v2\/types\/page"}],"author":[{"embeddable":true,"href":"https:\/\/eryoncide.com\/eryoncide\/wp-json\/wp\/v2\/users\/1"}],"replies":[{"embeddable":true,"href":"https:\/\/eryoncide.com\/eryoncide\/wp-json\/wp\/v2\/comments?post=135"}],"version-history":[{"count":31,"href":"https:\/\/eryoncide.com\/eryoncide\/wp-json\/wp\/v2\/pages\/135\/revisions"}],"predecessor-version":[{"id":464,"href":"https:\/\/eryoncide.com\/eryoncide\/wp-json\/wp\/v2\/pages\/135\/revisions\/464"}],"wp:attachment":[{"href":"https:\/\/eryoncide.com\/eryoncide\/wp-json\/wp\/v2\/media?parent=135"}],"curies":[{"name":"wp","href":"https:\/\/api.w.org\/{rel}","templated":true}]}}